{"id":22,"date":"2019-07-15T19:48:07","date_gmt":"2019-07-15T19:48:07","guid":{"rendered":"https:\/\/tpz-triton.de\/?page_id=22"},"modified":"2020-02-05T17:04:25","modified_gmt":"2020-02-05T17:04:25","slug":"jugendetheater","status":"publish","type":"page","link":"https:\/\/tpz-triton.de\/index.php\/jugendetheater\/","title":{"rendered":"&#8230; mehr zum Jugendtheater"},"content":{"rendered":"<p>Angefangen als Kindertheatergruppe der KulturVilla Kolorit sind aus den damaligen Kindern nun junge Erwachsene geworden,\u00a0denen das Theaterspielen einfach Alles bedeutet. Die so entstandene Jugendtheatergruppe \u201eKarambolage\u201c setzt sich aus alten und<br \/>neu hinzu gekommenen Mitgliedern zusammen, die 2014 ihr 10-j\u00e4hriges Bestehen feiern kann.<\/p>\n<p>\u201eKalte Pizza\u201c war das erste St\u00fcck der Jugendtheatergruppe, mit welchem die Jugendlichen die aktuelle Problematik von Drogen und Alkohol ansprachen und sich damit einen Herzenswunsch erf\u00fcllten. Man spielte an Schulen und sogar zum Theaterfest in unserer Partnerstadt Detmold.<\/p>\n<p>Als Sommerprojekt erforschte Karambolage die Geschehnisse der NS Zeit in Zeitz und die Geschichte rund um das KZ Au\u00dfenlager \u201eWille\u201c in Rehmsdorf. Theatralisch umgesetzt trat die Gruppe in Zeitz vor Sch\u00fclern der Sekundarstufe und in der Hochschule Merseburg im Bereich Kultur- und Medienp\u00e4dagogik und Soziale Arbeit auf.<\/p>\n<p>Da aber nicht nur Theater, sondern auch Musik in der Probenarbeit eine gro\u00dfe Rolle einnimmt, startete 2010 die erste eigene Musicalproduktion.<\/p>\n<p>\u201eGodspell\u201c war der gro\u00dfe Durchbruch der Gruppe und wurde 19-mal auf den unterschiedlichsten B\u00fchnen in und um Zeitz aufgef\u00fchrt.<\/p>\n<p>Begleitet wurde das Musical durch eine Live Band.<\/p>\n<p>2011 lie\u00dfen die Jugendlichen ihrer Kreativit\u00e4t freien Lauf und feierten mit dem ersten selbst geschriebenen und inszenierten St\u00fcck \u201eLIEBEMACHTTOD\u201c Premiere.<\/p>\n<p>2012 wurde mit \u201eFootloose\u201c ein gro\u00dfes Musical gewagt. 25 Darsteller mit einer Live-Band. Ende M\u00e4rz wurde das St\u00fcck in den \u00fcberf\u00fcllten Klinkerhallen Zeitz aufgef\u00fchrt.<\/p>\n<p>Au\u00dferdem z\u00e4hlten die Jugendlichen zu den Preistr\u00e4gern des Jugend-Kultur-Preises 2012 der LKJ Sachsen-Anhalt. Karambolage rockte beim 20. Landessch\u00fclertheatertreffen Sachsen-Anhalt 2012 in Magdeburg und brachte f\u00fcr seine Leistungen in der Musical-Auff\u00fchrung \u201eFootloose\u201c den \u201eLanZe Pokal\u201c nach Zeitz.<\/p>\n<p>2013 wurde es m\u00e4rchenhaft. Mit dem Musical \u201eAb in den Wald\u201c verzauberte Karambolage das Publikum.<\/p>\n<p>Auch das Jahr 2014 begann erfolgreich. So wurden die Karambolagen am 12.01.2014 im Rahmen der \u201eArthur-Wolfsohn-Ehrung\u201c\u00a0f\u00fcr ihre Leistungen ausgezeichnet.<\/p>\n<p>Die Jugendtheatergruppe pflegt seit den Anf\u00e4ngen einen regelm\u00e4\u00dfigen Kontakt zur Zeitzer Partnerstadt Detmold und arbeitet eng mit der<br \/>Ernst-Ortlepp-Gesellschaft in Zeitz zusammen.<\/p>\n<p>Durch st\u00e4ndiges K\u00f6rper- und Stimmtraining, Theater\u00fcbungen und Improvisationen in den Proben, wird Eigenst\u00e4ndigkeit und Selbstbewusstsein gef\u00f6rdert und die Jugendlichen reifen zu verantwortungsvollen und charakterstarken Erwachsenen heran.<br \/>Akzeptanz und Toleranz sind selbstverst\u00e4ndliche Gebote in der Theatergruppe und so zeigt die Arbeit beim Triton e.V.<br \/>fast wie von selbst inklusiven Charakter. Jeder wird nach seinen vorhandenen F\u00e4higkeiten und Interessen eingesetzt. Castings gibt es nicht!<\/p>\n<figure>\n\t\t\t\t\t\t\t\t\t\t\t<a data-elementor-open-lightbox=\"yes\" href=\"https:\/\/tpz-triton.de\/wp-content\/uploads\/2019\/08\/IMG_4471photo.jpg\"><br \/>\n\t\t\t\t\t\t\t<img loading=\"lazy\" decoding=\"async\" width=\"4032\" height=\"3024\" src=\"https:\/\/tpz-triton.de\/wp-content\/uploads\/2019\/08\/IMG_4471photo.jpg\" alt=\"Karambolage - Probenlager Linie 1\" srcset=\"https:\/\/tpz-triton.de\/wp-content\/uploads\/2019\/08\/IMG_4471photo.jpg 4032w, https:\/\/tpz-triton.de\/wp-content\/uploads\/2019\/08\/IMG_4471photo-300x225.jpg 300w, https:\/\/tpz-triton.de\/wp-content\/uploads\/2019\/08\/IMG_4471photo-768x576.jpg 768w, https:\/\/tpz-triton.de\/wp-content\/uploads\/2019\/08\/IMG_4471photo-1024x768.jpg 1024w, https:\/\/tpz-triton.de\/wp-content\/uploads\/2019\/08\/IMG_4471photo-370x278.jpg 370w, https:\/\/tpz-triton.de\/wp-content\/uploads\/2019\/08\/IMG_4471photo-1040x780.jpg 1040w\" sizes=\"auto, (max-width: 4032px) 100vw, 4032px\" \/>\t\t\t\t\t\t\t\t<\/a><figcaption>Hier befinden sich unsere Darsteller im Probelager<\/figcaption><\/figure>\n<ul>\n<li >\n\t\t\t\t\t\t\t\t\t\tJeden <b>Dienstag<\/b>* von <b>17 &#8211; 19 Uhr <\/b>(*in der Schulzeit)\n\t\t\t\t\t\t\t\t\t<\/li>\n<li >\n\t\t\t\t\t\t\t\t\t\tAltersgruppe:\tJugendliche ab 13 Jahre\n\t\t\t\t\t\t\t\t\t<\/li>\n<li >\n\t\t\t\t\t\t\t\t\t\tZeitz in der KulturVilla Kolorit, Geu\u00dfnitzer Stra\u00dfe 10 oder im Probesaal in der Altenburger Stra\u00dfe)\n\t\t\t\t\t\t\t\t\t<\/li>\n<\/ul>\n<p>\t\t[display-posts category=&#8220;karambolage&#8220; include_excerpt=&#8220;true&#8220; posts_per_page=&#8220;10&#8243;]<\/p>\n","protected":false},"excerpt":{"rendered":"<p>Angefangen als Kindertheatergruppe der KulturVilla Kolorit sind aus den damaligen Kindern nun junge Erwachsene geworden,\u00a0denen das Theaterspielen einfach Alles bedeutet. Die so entstandene Jugendtheatergruppe \u201eKarambolage\u201c &hellip; <\/p>\n","protected":false},"author":1,"featured_media":23,"parent":0,"menu_order":0,"comment_status":"closed","ping_status":"closed","template":"","meta":{"footnotes":""},"class_list":["post-22","page","type-page","status-publish","has-post-thumbnail","hentry"],"jetpack_sharing_enabled":true,"_links":{"self":[{"href":"https:\/\/tpz-triton.de\/index.php\/wp-json\/wp\/v2\/pages\/22","targetHints":{"allow":["GET"]}}],"collection":[{"href":"https:\/\/tpz-triton.de\/index.php\/wp-json\/wp\/v2\/pages"}],"about":[{"href":"https:\/\/tpz-triton.de\/index.php\/wp-json\/wp\/v2\/types\/page"}],"author":[{"embeddable":true,"href":"https:\/\/tpz-triton.de\/index.php\/wp-json\/wp\/v2\/users\/1"}],"replies":[{"embeddable":true,"href":"https:\/\/tpz-triton.de\/index.php\/wp-json\/wp\/v2\/comments?post=22"}],"version-history":[{"count":21,"href":"https:\/\/tpz-triton.de\/index.php\/wp-json\/wp\/v2\/pages\/22\/revisions"}],"predecessor-version":[{"id":251,"href":"https:\/\/tpz-triton.de\/index.php\/wp-json\/wp\/v2\/pages\/22\/revisions\/251"}],"wp:featuredmedia":[{"embeddable":true,"href":"https:\/\/tpz-triton.de\/index.php\/wp-json\/wp\/v2\/media\/23"}],"wp:attachment":[{"href":"https:\/\/tpz-triton.de\/index.php\/wp-json\/wp\/v2\/media?parent=22"}],"curies":[{"name":"wp","href":"https:\/\/api.w.org\/{rel}","templated":true}]}}